What is d(-6)?
-30
Suppose -3*c = -4*q - 83, 0*c + 27 = c - 2*q. Let l = c + -17. Let u(j) = 322*j - 12 - 1040*j + 354*j + 365*j. Calculate u(l).
0
Let v(x) = 3*x**2 + 12*x - 7. Let w(o) = -43*o - 1595. Let d be w(-37). What is v(d)?
-7
Let q(y) = 5*y**2 + 16*y - 48. Let t(p) = 6*p**2 + 19*p - 55. Let l(z) = -5*q(z) + 4*t(z). What is l(-7)?
-1
Let f(q) = -q - 4. Suppose 0 = -9*b + 514 - 451. Let k = -2 + 2. Suppose -b*z - z - 40 = k. What is f(z)?
1
Let r(t) be the third derivative of -t**5/60 + 7*t**4/24 - 17*t**3/6 - 230*t**2 - 7. What is r(2)?
-7
Suppose 38*q - 69 = -335. Let j(k) = -k**3 - 12*k**2 - 18*k - 8. What is j(q)?
-127
Let c(i) = 2*i**2 - 40*i - 24. Let y be c(21). Suppose l = -p + 1, -3*l + 2*p = -2*p + y. Let q be 6/6 + (-2)/l. Let o(s) = 2*s**2 - 2. What is o(q)?
6
Let t(w) = -574*w - 678*w - 12 + 1256*w. Calculate t(-4).
-28
Let m(b) = 48*b + 368. Let a(y) = 32*y + 252. Let v(i) = -7*a(i) + 5*m(i). Calculate v(-5).
-4
Let w(n) be the third derivative of n**6/120 - 11*n**5/60 - 5*n**4/12 - 9*n**3/2 + 791*n**2. What is w(12)?
-3
Let v = -7168 + 7150. Let u(d) = -d**3 - 18*d**2 + 3*d. Determine u(v).
-54
Let g(b) = b**2 + 41*b + 47. Let d be (40/7)/(94/(-658)). Determine g(d).
7
Let a(r) be the second derivative of 0 - 47*r + 0*r**2 - 1/6*r**3. Let t = -7 - -3. What is a(t)?
4
Let o(d) = 214*d - 1067. Suppose -5*m + 2095 - 2070 = -3*p, -8 = -m. Determine o(p).
3
Let c be -8 + (-6 - (-2 + -2))*(-35)/10. Let o(q) = -54*q**2 + 3*q + 2. Determine o(c).
-55
Let r = 80 + -79. Let i(z) be the second derivative of z**5/5 - z**3/6 + z**2/2 + 3*z + 22. What is i(r)?
4
Let d(p) = 2*p - 6. Suppose -47 - 148 = -4*a + c, -c = -5. Let y be (375/a - 1/(-2)) + -4. Determine d(y).
2
Let x(h) = -h**2 - 18*h + 21. Let y(n) = 6*n**2 + 73*n - 85. Let f(c) = -9*x(c) - 2*y(c). Give f(5).
-14
Let p be 298*(-2)/13 - (-14)/(-91). Let r = p - -43. Let m(u) = -u + 4. Let t(h) = -h + 1. Let z(q) = m(q) - 2*t(q). What is z(r)?
-1
Let f(c) = -3*c + 6. Suppose 1443 - 183 = 7*q. Let n = q + -176. Determine f(n).
-6
Let b(c) = c**2 + 11*c - 13. Suppose 0 = -7*h - 65 + 485. Suppose 183*l = 178*l - h. What is b(l)?
-1
Let t = 15 - 15. Let d(c) = -c + 5 + 1041*c**2 - 1042*c**2 + 1. What is d(t)?
6
Let c = -6781 + 6747. Let j(w) = -3*w - 98. Give j(c).
4
Let n(s) = -15*s + 5. Let a be n(-3). Let w be (-1 - 1)/6*-15. Suppose 20 = w*c + a. Let o(i) = i**2 + 6*i - 8. Determine o(c).
-8
Let c(d) = -d**3 - 5*d**2 - 6*d + 4. Suppose 0 = 53*h - 51*h - 70. Suppose 5*p + 4*b = -h, 0 = -p + 4*b + 9 + 8. Determine c(p).
4
Let p(c) be the third derivative of -c**6/60 - 49*c**5/60 + c**4 - 31*c**3/6 - c**2 + 114. Determine p(-25).
-6
Suppose -408*a + 407*a = u - 20, 0 = -4*a - 16. Let d(v) be the first derivative of u - 8*v - 1/2*v**2. Give d(-11).
3
Suppose 1010*x = 1024*x - 140. Let g(l) = l**2 + l - 117. Determine g(x).
-7
Let i(o) = o**2 - o + 2. Let p be i(3). Let w be 6 - (4/70 - 180/3150). Let f(j) = 11*j + p - w*j - 6*j. What is f(9)?
-1
Let n(h) be the second derivative of -1/20*h**5 + 190*h + 0 - 4/3*h**3 - 2/3*h**4 - 4*h**2. Let z(j) = -8*j + 1. Let l be z(1). Determine n(l).
-1
Suppose z + 4*j = 2, 4*z - 6*j = -5*j + 8. Suppose 0 = -z*i - 14 + 30. Suppose -4*y = -12, 2*w - i = 3*y - y. Let a(f) = -f**2 + 8*f - 7. What is a(w)?
0
Let k(m) = 6*m**3 - 9*m**2 - m + 49. Let n(o) = -29*o**3 + 49*o**2 + 5*o - 243. Let p(x) = 24*k(x) + 5*n(x). Calculate p(29).
-10
Let r(i) = 0*i**3 + i**3 - 2 + 0 - 6*i**2 + 6*i. Let q(o) = -27*o**2 - 1053*o + 5. Let j be q(-39). Determine r(j).
3
Let a(j) be the first derivative of 11*j**2/2 - 2*j - 473. Suppose 0 = -c + 35 - 34. Determine a(c).
9
Let h be (-6)/(-16)*(7/36)/((-46)/(-736)). Let u(r) be the third derivative of 0 + 1/4*r**4 - 1/60*r**5 + h*r**3 + 0*r + 10*r**2. Give u(7).
0
Let z(n) be the second derivative of -n**7/840 + n**6/120 + n**5/120 + n**4/6 + 13*n**3 + 7*n. Let x(g) be the second derivative of z(g). What is x(3)?
7
Let y(k) = 0*k + 9 - 7 + k - 12*k + 7. Let b be y(1). Let j(w) = 1 - 3*w + 0*w + 1. Determine j(b).
8
Let b(k) = -3*k - 8. Suppose -4*o + a - 81 = 0, 61 = -3*o + 2*a - 6. Give b(o).
49
Let g = 1816 - 1817. Let c(o) = 3*o**3 - 2*o**2 - 3*o. What is c(g)?
-2
Let g(x) = 29*x**2 - 55*x + 168. Let u(m) = 3*m**2 - 6*m + 18. Let q(n) = -4*g(n) + 38*u(n). What is q(2)?
-12
Let k(i) = -7*i + 3. Let t(w) = 35*w - 15. Let s(x) = 17*x - 7. Let h(z) = -5*s(z) + 2*t(z). Let u(a) = 6*h(a) - 13*k(a). Determine u(6).
-3
Let x(f) be the first derivative of 5*f**2/2 - 5*f + 7. Let o(n) = -4*n + 5. Let h(z) = -4*o(z) - 3*x(z). What is h(0)?
-5
Let d = -315 + 339. Let z(q) = -q + 14. Let y be z(d). Let a(v) = 2*v + 6. What is a(y)?
-14
Let q(k) = 2*k**2 - 117*k + 168. Suppose -206*a = 202*a - 7417 - 15839. Calculate q(a).
-3
Let q(v) = v - 13. Let a(c) = -c**3 + 7*c**2 + 66*c - 372. Let s be a(5). What is q(s)?
-5
Let o(q) = -q**3 + 13*q**2 + 15*q - 18. Let t(a) = -40*a - 266. Let d be t(-7). Calculate o(d).
-4
Let s(y) = -111 - 2*y**3 + 54 + 14*y + 53 + 10*y**2. Let p be s(6). Let c(h) be the second derivative of -h**3/6 + 9*h**2/2 - 4*h. Calculate c(p).
1
Let b be 14/(-126) + (-38)/(-8)*320/72. Let y(q) = -19*q + 405. Calculate y(b).
6
Let u = -12 + 14. Let d(r) = 9 - 2*r**2 + 3*r**u + 0*r + 8*r. Suppose -48*z + 24*z = 168. Give d(z).
2
Let a(l) = l + 11. Let k(i) be the second derivative of 5*i**3/6 + 28*i**2 + 16*i + 2. Let m(p) = 11*a(p) - 2*k(p). Give m(0).
9
Let n(b) = b**2 - 5*b - 2. Let y(z) = z**3 + 5*z**2 + 3*z - 3. Let a be y(-4). Let d be 3 + (-5 + a)*-1. Calculate n(d).
12
Let c(x) = 5*x + 1. Let r(u) be the first derivative of -u**2 - 10*u - 3. Let n be r(-6). Calculate c(n).
11
Let g be ((-21)/(-6) + -4)/(15/120). Let k(x) be the third derivative of x**4/8 + x**3 - 5*x**2. What is k(g)?
-6
Let j(n) = -n + 93. Let t(y) = -19. Let g(d) = -j(d) - 3*t(d). What is g(13)?
-23
Let v(w) = 8*w - 7 + 26 - 3*w + 10 - 2*w. Calculate v(-10).
-1
Let r(h) be the second derivative of -h**5/20 + 3*h**4/4 + 13*h**3/6 - 6*h**2 + 982*h. Determine r(10).
18
Let n(x) be the third derivative of 5*x + 1/24*x**4 - 1/2*x**3 + 3*x**2 + 0. Give n(8).
5
Let v = 1595 - 1585. Let q(t) = t**2 - 9*t - 21. Determine q(v).
-11
Let o(c) be the first derivative of c**4/4 - 5*c**3 + 7*c**2/2 - 104*c + 4973. Calculate o(15).
1
Let w be (23/5 - 5)/(21 + 2508/(-120)). Let q(n) be the second derivative of n**4/12 - 5*n**2/2 - n. What is q(w)?
11
Suppose -24*j = -3*u - 23*j + 8, 0 = -2*u + 3*j - 4. Let z(n) = 3*n**2 - 4*n. Determine z(u).
32
Let s(m) = -m**2 - 13*m + 8. Let g be 1079/6 - 48/(-288). Let l = -193 + g. Determine s(l).
8
Let b(k) be the second derivative of k**4/12 - 2*k**3/3 - 18*k**2 - 1822*k. Determine b(9).
9
Let i(x) be the first derivative of -50 + 0*x + 1/2*x**2. Give i(-4).
-4
Let g(s) = -s**2 - s - 4. Let m = -99 + 93. Let a be (-3 - m)/6*0 - -2. Suppose 15 = a*i + 5*y, -2*i + 3*y - 9 = -6*i. What is g(i)?
-4
Let z be -18*(-5 + (-5 - -6))/2. Let f(m) = -1 + 3 - 12*m + z*m - 10*m - 10*m. Determine f(-5).
-18
Let x be (-2)/(-4)*(2 + 0). Let l(u) = -74*u**2 + 12*u - 12. Let q(c) = -206*c**2 + 34*c - 34. Let i(p) = -14*l(p) + 5*q(p). Determine i(x).
6
Let n(c) = 7*c + 36. Let y(k) = 4*k + 18. Let u(g) = 3*n(g) - 5*y(g). Calculate u(-3).
15
Let u(z) = -27*z + 1878. Let c be u(70). Let l(s) = -s**2 - 16*s - 51. Determine l(c).
-3
Let z = 23 + -27. Let w(m) = 2*m**3 + 7*m**2 - 5*m - 8. Let p be w(z). Let r(v) = v**3 + 4*v**2 + 5*v + 5. Give r(p).
-15
Suppose 0*u - 2*u - d - 62 = 0, 4*d - 52 = 2*u. Let t = u - -40. Let a(h) = 4*h**2 + 0*h**2 - 1 + 2*h + 4*h**2 + t*h**2. Determine a(1).
19
Let q(b) = -5*b**2 + 9*b + 5. Let x(y) = 5*y**2 - 35*y - 20. Let k(i) = 4*q(i) + x(i). Let w = 1 + -2. Calculate k(w).
-16
Let l(c) = -4*c**2 + 2*c + 2. Let r(m) = -m**3 - 10*m**2 + 8*m + 85. Let d be r(-10). Determine l(d).
-88
Suppose -4*o + 18 = -2*q, 0 = 59*q - 56*q + o + 48. Let f = -18 + 33. Let y = q + f. Let g(x) = x**3 - x**2 + x + 3. What is g(y)?
3
Let l(z) = -11 + 5 - 49*z - 29*z + 59*z. What is l(0)?
-6
Let q(c) = -23*c**2 + c - 2. Let x(i) = -2*i**2 - 174*i - 665. Let y be x(-83). What is q(y)?
-26
Let f(k) = -11*k**3 + k**2 + k. Let w be (-18)/12 - ((-30)/(-4) + 1). Let x be -1 - w/35 - 6/21. Calculate f(x).
11
Let b(v) = -3 + 3*v - 3 - 2